e
Is 3639 prime?
False
Is 9029 a prime number?
True
Is 1693 composite?
False
Is 242863 a prime number?
True
Is 1817951 prime?
False
Is 286927 a prime number?
True
Is 10559 prime?
True
Is 4969 a prime number?
True
Is 3041 a prime number?
True
Is 30911 composite?
False
Is 6805 composite?
True
Is 98611 composite?
True
Is 21911 a prime number?
True
Is 76591 a prime number?
False
Is 5039 composite?
False
Is 2323 composite?
True
Is 419 prime?
True
Is 1209413 composite?
True
Is 536063 prime?
False
Is 2413 composite?
True
Is 659059 composite?
False
Is 227453 composite?
False
Is 197993 composite?
True
Is 3277 a composite number?
True
Is 74821 a composite number?
False
Is 46193 composite?
True
Is 1117 a composite number?
False
Is 1653391 composite?
True
Is 122237 prime?
False
Is 2939 a prime number?
True
Is 124427 prime?
True
Is 12151 prime?
False
Is 3051227 composite?
False
Is 39397 a composite number?
False
Is 168029 a composite number?
False
Is 608953 a prime number?
True
Is 1095989 composite?
False
Is 210898 composite?
True
Is 19579 a prime number?
False
Is 123922 composite?
True
Is 3833 a prime number?
True
Is 12889 prime?
True
Is 73061 a composite number?
False
Is 19177 a prime number?
False
Is 19742 composite?
True
Is 1943 a prime number?
False
Is 650561 a composite number?
True
Is 10555 prime?
False
Is 434103 composite?
True
Is 108863 a composite number?
False
Is 10055 composite?
True
Is 10301 a prime number?
True
Is 22299 a prime number?
False
Is 3127 prime?
False
Is 986183 prime?
False
Is 130063 a prime number?
False
Is 386329 a composite number?
False
Is 264487 a prime number?
True
Is 695543 a prime number?
False
Is 1465637 composite?
False
Is 248555 composite?
True
Is 18301 a composite number?
False
Is 96517 composite?
False
Is 268585 prime?
False
Is 25837 prime?
False
Is 124441 a composite number?
True
Is 21467 a composite number?
False
Is 12229 prime?
False
Is 50671 prime?
True
Is 1949 a prime number?
True
Is 1041823 composite?
False
Is 1567 a composite number?
False
Is 41843 a prime number?
True
Is 26755 prime?
False
Is 4406 prime?
False
Is 289937 composite?
False
Is 100267 a prime number?
True
Is 856599 prime?
False
Is 3031823 composite?
False
Is 804823 a prime number?
True
Is 246151 prime?
True
Is 81503 a prime number?
False
Is 1145734 a composite number?
True
Is 132499 a prime number?
True
Is 1317189 a composite number?
True
Is 2510017 composite?
False
Is 41719 composite?
False
Is 434117 composite?
False
Is 1381 prime?
True
Is 582643 a composite number?
False
Is 120485 prime?
False
Is 66637 composite?
True
Is 121273 a composite number?
True
Is 29863 a composite number?
False
Is 631 a prime number?
True
Is 26651 prime?
False
Is 36037 prime?
True
Is 1637 composite?
False
Is 5501 prime?
True
Is 245963 a prime number?
True
Is 90731 composite?
False
Is 36341 a prime number?
True
Is 437422 a composite number?
True
Is 3609215 prime?
False
Is 67403 a prime number?
False
Is 43257 a composite number?
True
Is 8459 a prime number?
False
Is 6637 prime?
True
Is 5807 composite?
False
Is 69779 a prime number?
True
Is 392099 a composite number?
False
Is 61195 a prime number?
False
Is 217559 a composite number?
False
Is 2947342 prime?
False
Is 9091 a composite number?
False
Is 62459 prime?
True
Is 21227 composite?
False
Is 18101 composite?
True
Is 53671 prime?
False
Is 2047 a prime number?
False
Is 201163 prime?
True
Is 202799 a prime number?
True
Is 12769 a prime number?
False
Is 17413 composite?
True
Is 50491 prime?
False
Is 39761 prime?
True
Is 1253695 a composite number?
True
Is 37441 prime?
True
Is 437191 prime?
True
Is 10954 a prime number?
False
Is 116867 a prime number?
True
Is 2103 composite?
True
Is 1488489 a composite number?
True
Is 31 composite?
False
Is 32177 composite?
True
Is 5567 composite?
True
Is 469169 prime?
True
Is 234769 prime?
True
Is 104639 a prime number?
True
Is 13751 a prime number?
True
Is 80623 a composite number?
True
Is 90353 prime?
True
Is 1401809 composite?
False
Is 732101 prime?
True
Is 39581 prime?
True
Is 13841 composite?
False
Is 4667 a prime number?
False
Is 21377 a composite number?
False
Is 200045 a composite number?
True
Is 8501 composite?
False
Is 418507 prime?
False
Is 92329 prime?
False
Is 3779 a composite number?
False
Is 8489 composite?
True
Is 39293 composite?
False
Is 4247 composite?
True
Is 116461 a prime number?
True
Is 91757 prime?
True
Is 18839 a prime number?
True
Is 136985 a prime number?
False
Is 102059 a composite number?
False
Is 136879 a prime number?
True
Is 11359 prime?
False
Is 372539 a composite number?
False
Is 80557 a prime number?
True
Is 3153 composite?
True
Is 73583 prime?
True
Is 6218 a prime number?
False
Is 423187 composite?
True
Is 260059 a prime number?
False
Is 9767 a prime number?
True
Is 3503 a prime number?
False
Is 1731211 composite?
True
Is 1973 a prime number?
True
Is 36037 a composite number?
False
Is 22051 composite?
False
Is 53809 a prime number?
False
Is 110969 prime?
True
Is 240127 a composite number?
True
Is 18671 a composite number?
False
Is 1584811 composite?
False
Is 21374 prime?
False
Is 477443 a prime number?
False
Is 8663 a composite number?
False
Is 178 a prime number?
False
Is 20317 composite?
True
Is 18947 prime?
True
Is 68311 composite?
False
Is 87463 composite?
True
Is 22613 a composite number?
False
Is 69313 a prime number?
True
Is 133069 prime?
True
Is 34097 prime?
False
Is 448417 prime?
False
Is 839777 a prime number?
False
Is 45763 a prime number?
True
Is 104401 a prime number?
False
Is 452627 a prime number?
False
Is 779657 prime?
True
Is 194719 a prime number?
False
Is 170963 a composite number?
True
Is 410753 prime?
False
Is 1088855 a prime number?
False
Is 26249 composite?
False
Is 541 a composite number?
False
Is 495395 a composite number?
True
Is 27343 a composite number?
True
Is 1074833 composite?
False
Is 4673609 prime?
True
Is 29101 prime?
True
Is 639907 prime?
True
Is 80741 a prime number?
False
Is 45337 a prime number?
True
Is 1329 prime?
False
Is 161453 a composite number?
False
Is 913513 a composite number?
False
Is 291 prime?
False
Is 50171 prime?
False
Is 13859 a prime number?
True
Is 6547 prime?
True
Is 26653 a composite number?
True
Is 815141 prime?
True
Is 6757 a prime number?
False
Is 609241 a composite number?
False
Is 380399 a composite number?
True
Is 541 prime?
True
Is 1003 composite?
True
Is 8843 composite?
True
Is 43481 composite?
False
Is 23447 a composite number?
False
Is 1269731 a composite number?
False
Is 1931 prime?
True
Is 40031 a composite number?
False
Is 19531 prime?
True
Is 894371 a composite number?
False
Is 1019911 composite?
True
Is 857929 prime?
True
Is 1657 a composite number?
False
Is 677911 a composite number?
True
Is 10021 a prime number?
False
Is 374771 composite?
False
Is 66077 composite?
True
Is 2906 a prime number?
False
Is 59131 a prime number?
False
Is 273233 a prime number?
True
Is 741227 composite?
False
Is 772207 a composite number?
False
Is 2694221 composite?
False
Is 45805 prime?
False
Is 8818 a composite number?
True
Is 1294939 composite?
False
Is 491 prime?
True
Is 113933 prime?
True
Is 234197 prime?
True
Is 1833227 composite?
True
Is 390781 a composite number?
False
Is 45226 a prime number?
False
Is 16333 prime?
True
Is 3791 a composite number?
True
Is 4903 composite?
False
Is 25523 a composite number?
False
Is 60773 a prime number?
True
Is 141269 composite?
False
Is 19563 prime?
False
Is 38899 a prime number?
False
Is 32267 composite?
True
Is 12239 a prime number?
True
Is 37603 prime?
False
Is 13387 a prime number?
False
Is 3127 a prime number?
False
Is 552551 a composite number?
True
Is 297881 a composite number?
False
Is 201907 a prime number?
True
Is 561917 a composite number?
False
Is 15107 a prime number?
True
Is 25835 a composite number?
True
Is 11087 a composite number?
False
Is 303727 composite?
False
Is 9533 a composite number?
False
Is 3163 a prime number?
True
Is 41581 a prime number?
False
Is 625949 a composite number?
True
Is 30851 a prime number?
True
Is 1121401 a prime number?
False
Is 13303 prime?
False
Is 2250887 prime?
True
Is 61949 a composite number?
False
Is 7069 prime?
True
Is 113959 a prime number?
False
Is 214129 prime?
True
Is 763 composite?
True
Is 264697 composite?